, 1613
List the prime factors of 2253223.
7, 321889
What are the prime factors of 703776646?
2, 337, 1044179
List the prime factors of 948054651.
3, 181, 1745957
What are the prime factors of 735103902?
2, 3, 13, 17, 554377
What are the prime factors of 23760294?
2, 3, 3960049
What are the prime factors of 53610903?
3, 41, 5381
What are the prime factors of 816276206?
2, 8581, 47563
What are the prime factors of 1566915006?
2, 3, 261152501
List the prime factors of 17754146.
2, 8877073
What are the prime factors of 652770543?
3, 217590181
What are the prime factors of 6504459428?
2, 67, 619, 39209
List the prime factors of 390846584.
2, 433, 112831
What are the prime factors of 64107265?
5, 967, 13259
List the prime factors of 1016590948.
2, 2473, 102769
List the prime factors of 3865474461.
3, 23, 1553, 36073
What are the prime factors of 833757828?
2, 3, 71, 101, 9689
List the prime factors of 37259200.
2, 5, 11, 29, 73
What are the prime factors of 60656627?
60656627
List the prime factors of 1597527385.
5, 239, 271, 4933
List the prime factors of 22922656.
2, 659, 1087
What are the prime factors of 149423416?
2, 229, 81563
List the prime factors of 45193105.
5, 317, 28513
What are the prime factors of 2117660770?
2, 5, 19, 11145583
List the prime factors of 8909144565.
3, 5, 593942971
List the prime factors of 1123270696.
2, 140408837
What are the prime factors of 363181637?
7, 13, 19, 210053
What are the prime factors of 3476006169?
3, 23, 1327, 37963
List the prime factors of 157670134.
2, 103, 765389
What are the prime factors of 55564844?
2, 13891211
What are the prime factors of 2290618422?
2, 3, 37, 41, 149, 563
What are the prime factors of 730014370?
2, 5, 73001437
List the prime factors of 56689912.
2, 7086239
What are the prime factors of 2750702?
2, 17, 4759
What are the prime factors of 24379799?
24379799
List the prime factors of 120857293.
1439, 83987
List the prime factors of 289621579.
13, 19, 29, 40433
What are the prime factors of 133658314?
2, 66829157
List the prime factors of 19358340.
2, 3, 5, 19, 16981
List the prime factors of 165722775.
3, 5, 73, 30269
List the prime factors of 84432944.
2, 5277059
List the prime factors of 1233102358.
2, 23, 2633, 10181
List the prime factors of 45859419.
3, 1698497
What are the prime factors of 114435717?
3, 11, 241, 14389
List the prime factors of 1220754272.
2, 38148571
List the prime factors of 23898124.
2, 17, 19, 53, 349
List the prime factors of 4844207.
73, 66359
List the prime factors of 118305333.
3, 73, 193, 311
List the prime factors of 2711883322.
2, 29, 43, 191, 5693
What are the prime factors of 22036548?
2, 3, 1836379
What are the prime factors of 63589670?
2, 5, 359, 17713
List the prime factors of 58058614.
2, 29029307
What are the prime factors of 288400082?
2, 23, 1567, 4001
List the prime factors of 60683628.
2, 3, 101, 50069
List the prime factors of 489251119.
7, 43, 1625419
List the prime factors of 18347708.
2, 37, 151, 821
What are the prime factors of 234751925?
5, 9390077
List the prime factors of 46279372.
2, 17, 73, 9323
What are the prime factors of 1288581644?
2, 7, 421, 109313
What are the prime factors of 116481754?
2, 43, 157, 8627
List the prime factors of 91022771.
7, 2797, 4649
What are the prime factors of 118292950?
2, 5, 2365859
List the prime factors of 3898701.
3, 101, 4289
What are the prime factors of 13383582?
2, 3, 2230597
What are the prime factors of 1932035000?
2, 5, 7, 55201
List the prime factors of 50006592.
2, 3, 43, 673
What are the prime factors of 118754580?
2, 3, 5, 7, 433, 653
What are the prime factors of 575173386?
2, 3, 101, 35153
What are the prime factors of 63588167?
63588167
List the prime factors of 41885630.
2, 5, 983, 4261
List the prime factors of 1711904454.
2, 3, 13, 17, 430343
List the prime factors of 9087599002.
2, 67, 173, 392011
List the prime factors of 18472854.
2, 3, 457, 6737
List the prime factors of 71393396.
2, 107, 166807
What are the prime factors of 6181499?
109, 56711
What are the prime factors of 69951730?
2, 5, 19, 347, 1061
List the prime factors of 597905411.
43, 1951, 7127
What are the prime factors of 423331446?
2, 3, 70555241
List the prime factors of 245191267.
37, 449, 14759
List the prime factors of 48167260.
2, 5, 29, 83047
List the prime factors of 154354213.
13, 71, 89, 1879
List the prime factors of 5980207.
23, 260009
List the prime factors of 417333385.
5, 7, 19, 71, 8839
What are the prime factors of 816943208?
2, 8539, 11959
List the prime factors of 546215087.
11, 29, 1009, 1697
What are the prime factors of 67233002?
2, 23, 1461587
What are the prime factors of 500890875?
3, 5, 43, 31063
List the prime factors of 3200332287.
3, 1066777429
What are the prime factors of 137999376?
2, 3, 233, 457
What are the prime factors of 27302359?
7, 193, 2887
List the prime factors of 468108161.
468108161
What are the prime factors of 602231198?
2, 301115599
What are the prime factors of 1366985494?
2, 7, 97641821
What are the prime factors of 1116424967?
7, 22784183
List the prime factors of 1581584347.
7, 73, 3095077
List the prime factors of 548139160.
2, 5, 17, 806087
What are the prime factors of 170670649?
23, 7420463
What are the prime factors of 103690980?
2, 3, 5, 19, 30319
List the prime factors of 79344377.
7, 29, 55837
What are the prime factors of 18664843?
18664843
What are the prime factors of 137000922?
2, 3, 22833487
What are the prime factors of 125040578?
2, 13, 4809253
List the prime factors of 4243732901.
271, 15659531
List the prime factors of 149565919.
149565919
List the prime factors of 152293925.
5, 7, 23, 157, 241
What are the prime factors of 2297427587?
7, 13, 127, 269, 739
What are the prime factors of 98169003?
3, 67, 18089
What are the prime factors of 48874230?
2, 3, 5, 43, 73, 173
What are the prime factors of 278762204?
2, 7, 569, 17497
List the prime factors of 144353467.
144353467
What are the prime factors of 535461182?
2, 267730591
What are the prime factors of 28215958?
2, 109, 347, 373
What are the prime factors of 74938982?
2, 37469491
List the prime factors of 233448591.
3, 43, 1217, 1487
List the prime factors of 1226717532.
2, 3, 3011, 11317
List the prime factors of 2470473221.
61, 379, 106859
List the prime factors of 1764040124.
2, 7, 11, 479, 1087
What are the prime factors of 184663848?
2, 3, 7694327
List the prime factors of 1035210129.
3, 29, 2731, 4357
What are the prime factors of 51659648?
2, 403591
What are the prime factors of 1611808220?
2, 5, 11, 7326401
What are the prime factors of 592248459?
3, 11, 23, 31, 25171
List the prime factors of 22750245.
3, 5, 7, 72223
List the prime factors of 1137054084.
2, 3, 31, 3056597
List the prime factors of 215451439.
7, 30778777
What are the prime factors of 1892895686?
2, 11, 263, 29741
What are the prime factors of 37848834?
2, 3, 17, 179, 691
What are the prime factors of 139188158?
2, 69594079
List the prime factors of 831620729.
23, 36157423
List the prime factors of 28095718.
2, 7, 19, 79, 191
What are the prime factors of 173365549?
7, 173, 143159
What are the prime factors of 1771323161?
29, 61080109
What are the prime factors of 863283240?
2, 3, 5, 19, 126211
What are the prime factors of 943101863?
11, 163, 593, 887
List the prime factors of 13675929.
3, 31, 307, 479
List the prime factors of 1232455469.
7, 176065067
What are the prime factors of 1248141419?
7, 178305917
What are the prime factors of 679212434?
2, 43, 7897819
List the prime factors of 5276943091.
7, 127, 179, 33161
List the prime factors of 263669327.
19, 179, 77527
What are the prime factors of 3075482073?
3, 1025160691
What are the prime factors of 1714272486?
2, 3, 17, 43, 390851
List the prime factors of 16827178.
2, 17, 494917
What are the prime factors of 18000164?
2, 7, 13, 49451
List the prime factors of 8217960.
2, 3, 5, 68483
What are the prime factors of 151354234?
2, 59, 113, 11351
What are the prime factors of 3900958264?
2, 7, 47, 1482127
What are the prime factors of 84751351?
71, 137, 8713
What are the prime factors of 583763587?
11, 827, 64171
What are the prime factors of 83919654?
2, 3, 7, 13, 563
List the prime factors of 1705084106.
2, 11, 83, 933781
What are the prime factors of 6365602?
